late the highest common divisor of 89 and o.
1
Suppose -5*x + 2*h = -33 + 4, -4*x - 2*h = -34. Let o(k) = -4*k**2 - 263*k - 194. Let f be o(-65). Calculate the greatest common divisor of x and f.
1
Let t be -119*((-1134)/98 + 10). What is the greatest common divisor of 595 and t?
17
Suppose -4*p - 5593 = -5*p + c, 11214 = 2*p + 2*c. Calculate the highest common divisor of p and 224.
224
Let n be 15 + 17/17 + -12. Let g(y) = -3*y + 2. Let v be g(-2). Calculate the highest common factor of n and v.
4
Suppose -5*p + 940 = -p - 2*p. What is the highest common divisor of 1316 and p?
94
Let m(g) = -18*g - 136. Let j be m(-8). Suppose -378 + 18 = -j*z. Calculate the greatest common divisor of 81 and z.
9
Let a(p) = -115*p + 810. Let z be a(6). Calculate the greatest common factor of 140 and z.
20
Let i be 2 + -7 + -4 + 468/(-6). Let s be i*6/(-90) + 1/5. Calculate the greatest common divisor of 66 and s.
6
Let u be 179/(-1)*(2/(-6)*222 - -5). Calculate the highest common divisor of u and 69.
69
Let u = 4336 - 4075. Let s = 11 + -9. Suppose -s*o + 60 = g, 0*o + g + 27 = o. Calculate the greatest common divisor of u and o.
29
Let n(w) = -11*w**2 - 348*w - 114. Let m be n(-31). What is the greatest common divisor of 13081 and m?
103
Let k(l) = l - 92. Let z(s) = 2*s - 2. Let x(c) = -k(c) + 2*z(c). Let w be x(-28). What is the greatest common divisor of 38 and w?
2
Let r be -1*4 - (-1 - -2). Let a be r/(-1*1/1). Suppose -c - 18 = -0*c - 10*c. Calculate the highest common factor of a and c.
1
Let k be (-14 + 27)*(0 - -496). Suppose -k = -59*j + 7*j. Calculate the highest common factor of 31 and j.
31
Let n(b) = b**3 + 4*b**2 + 3*b + 4. Let f be n(-3). Suppose 0 = f*t - 44 + 24. Let y be ((-5)/t - -3) + 47. Calculate the highest common divisor of y and 7.
7
Let y be 3*(77/21 + -2). Suppose y = 17*l - 16*l. Calculate the highest common divisor of 3 and l.
1
Suppose 2*x = 5*q - 2328, 11*q = 16*q - 5*x - 2340. What is the highest common divisor of q and 32?
16
Let c = -72437 + 72448. Suppose 7*n - 528 = 3*n. What is the greatest common divisor of c and n?
11
Suppose z - 2124 = -5*j, 3*z - 1921 - 4397 = 3*j. Calculate the highest common factor of z and 259.
37
Let l(w) = -12*w - 23. Suppose -3*o - 4*b + 2 = 0, 16 = -9*o + 5*o + 4*b. Let x be l(o). What is the greatest common divisor of x and 23?
1
Let f be 12 - (-25 + 37)*1/2. Calculate the highest common divisor of f and 114.
6
Let v be 90/18 + (-1*2 - 1). Let p be 2/v*(2 - -317). What is the highest common divisor of p and 29?
29
Suppose -69*l + 70*l = 2. Suppose -18*m - 26 = -l*i - 22*m, 5*i = m + 21. What is the greatest common factor of i and 125?
5
Suppose 0 = 10*g - 19*g + 432. Suppose 0 = -5*y - 25, -5*j + 180 = -0*j - 4*y. Calculate the greatest common divisor of j and g.
16
Let b = -90 + 130. Let t(m) = 4*m - 56. Let w be t(29). Calculate the highest common factor of w and b.
20
Let w be 30/3 - (0 + (-6)/(-2)). Let p = w + 91. Let x = p + -81. Calculate the greatest common factor of 153 and x.
17
Suppose -3*b + 38 = -b - 2*a, -3*b = -a - 55. Suppose -b*u + 40 = -8*u. What is the greatest common factor of u and 76?
4
Let g(f) = f**2 - 16*f - 67. Let h be g(20). Calculate the greatest common divisor of h and 1651.
13
Suppose 3*i = 5*b - 102, 0*i - 3 = -3*i. Suppose -10*y + 2355 + 375 = 0. What is the highest common factor of y and b?
21
Let a be (11 - 11) + (19 - 2/(-1)). Let t be ((-2)/4)/(-3 - a/(-6)). Let h be 1/(1 + t + 4/8). Calculate the highest common divisor of h and 32.
2
Let g(s) = -s**2 - 7*s + 10. Let h be g(-8). Suppose -7*f + 50 = -h*f. Suppose f*u - 25 = 15. Calculate the highest common factor of 6 and u.
2
Let d(o) = -2*o**2 + 17*o - 20. Let t = -7 + 14. Let u be d(t). Let b be -1 - u/(111/(-54) - -2). What is the greatest common factor of b and 153?
17
Let t = 493 - 1064. Let c be 1/(-6)*-11 - t/3426. Let f(d) = 2*d**2 - 4*d + 6. Let v be f(4). Calculate the highest common factor of v and c.
2
Suppose 5*w - 9*w + 5*h = -41, -5*w + 40 = 5*h. Let s be 1*(383 + 0) + w + -12. What is the greatest common factor of 152 and s?
76
Let z be (4 + -2 + -1 - 3)/((-4)/1818). What is the greatest common divisor of z and 27?
9
Let f = -1800 + 2448. What is the highest common factor of 12 and f?
12
Let i be (((-352)/40 - -9)*0)/(-2) - -8. Let z = 25 - -303. What is the greatest common factor of z and i?
8
Let i(h) = -94*h - 66. Let s be i(-8). Let x = -671 + s. Let y(v) = 2*v - 7. Let l be y(5). What is the highest common divisor of l and x?
3
Suppose 5*z + 2*q - 234 = 0, 0 = -z + 4*q - 85 + 145. What is the greatest common divisor of 2344 and z?
8
Suppose 395*m = 394*m + 2939. Suppose -38*y + m = -253. Calculate the greatest common divisor of 21 and y.
21
Suppose 2*z - 4*s + 23 = 3*z, 5*s - 19 = -z. Suppose -544 + 1684 = 2*y + 4*u, u + 1738 = 3*y. Let a = y - 461. What is the highest common divisor of z and a?
39
Suppose -2223 = -9*b + 4428. Let i = 882 - b. What is the greatest common factor of i and 26?
13
Suppose -120783 - 1553 = -33*q + 112492. Calculate the greatest common factor of q and 12.
12
Let l(z) = 20*z**2. Let k be l(-1). Suppose 34*r + 2 = 35*r. Suppose w - 72 = 22*p - 21*p, r*p + 4 = 0. Calculate the greatest common divisor of w and k.
10
Let x be -1*(140/7)/(-4). Let c be 0 + x + 588/12. What is the greatest common divisor of c and 12?
6
Let a(g) = 33*g - 2899. Let x be a(88). Calculate the highest common divisor of 2215 and x.
5
Let h = -123 - -134. Let k = h - 7. Suppose -3*p - 9 + 25 = r, k*r + 20 = 2*p. Calculate the highest common divisor of 18 and p.
6
Suppose 0 = -0*i + 4*i - 20. Let f be 0 + (2*34/(-4) - 0). Let b be ((-5)/(-2))/(f/(-34)). What is the highest common divisor of i and b?
5
Let r = -1176 - -1188. Suppose -8 = -2*k, -2*k - 1916 = -3*h - 4*k. Calculate the highest common divisor of h and r.
12
Suppose -1708 = -2*b - 2*r, 85*b - 88*b + 2618 = -5*r. What is the greatest common divisor of 1092 and b?
21
Suppose -4*d - 28*m + 27*m + 1096 = 0, -m + 821 = 3*d. Calculate the highest common factor of d and 99.
11
Let l = 9545 - 9532. Suppose 0 = -2*n - 3*n + 715. Calculate the greatest common factor of l and n.
13
Suppose -11*p + 7635 + 6069 = 4772. Calculate the highest common factor of 868 and p.
28
Let w = -232 - -240. Let n be (w - 0)/(9 + 395/(-45)). What is the highest common divisor of 18 and n?
18
Suppose 673 = -4*s + 5*m, 4*m + 184 = -3*s - 282. Let i = -99 - s. Suppose 0*f - 3*f = -27. Calculate the greatest common factor of f and i.
9
Let o(k) be the first derivative of -5*k**3/3 + 26*k**2 + 16*k - 105. Let s be o(10). Calculate the greatest common factor of s and 8.
4
Suppose -6*v + 3046 = -890. Suppose 10*c - 674 = v. What is the highest common divisor of 19 and c?
19
Suppose -46 = 3*m + 2*z, 3*m + 70 - 29 = -z. Let i(d) = d**2 + 9*d - 24. Let v be i(m). What is the highest common factor of 204 and v?
12
Let d(s) = -181*s + 654. Let b be d(-3). What is the highest common divisor of b and 126?
63
Let s(u) = -6324*u - 1234. Let t be s(-3). What is the highest common divisor of t and 98?
98
Suppose 36*n - 17*n = 2052. What is the greatest common factor of n and 810?
54
Suppose 31*o - 1661 = 13. Calculate the greatest common factor of 81 and o.
27
Suppose -4*j + 11 = 3*q - 8, 5*j - 10 = -q. Suppose -3*l + q*l = 506. Let t be (-592)/(-56) - -12 - 30/(-70). Calculate the greatest common divisor of t and l.
23
Let y(f) = -2*f**2 - 11*f + 18*f**2 - 9*f**2 - 6*f**2. Let c be y(11). Suppose 0 = -c*i - 7*i + 42. What is the greatest common divisor of i and 18?
6
Suppose -35*k + 2*l = -33*k - 124, 4*k - l = 227. Calculate the highest common divisor of 2167 and k.
11
Let i = 1117 + -1055. Suppose -i*j = -940 - 52. Suppose 3*q = 118 + 74. What is the greatest common factor of q and j?
16
Let u = 846 - 815. What is the highest common divisor of 992 and u?
31
Let m(v) = v**2 + 25*v - 66. Let a be m(-23). Let y = 68 - a. Calculate the highest common factor of 20 and y.
20
Let n = 294 + -293. Let v be 1958/66 - n/(-3). What is the greatest common factor of v and 110?
10
Let q = 15557 + -15180. What is the greatest common divisor of 65 and q?
13
Suppose -28 = -2*q + 8. Let u be ((-2)/5)/(q/(-225)). What is the highest common factor of 45 and u?
5
Suppose 2*a = -3*w - 4, -4